n divisor of 36 and 138612?
12
Calculate the highest common factor of 172800 and 7425.
675
What is the greatest common factor of 480 and 5610?
30
Calculate the greatest common factor of 1620 and 21780.
180
What is the highest common factor of 1605 and 3450?
15
What is the greatest common divisor of 7 and 236709?
1
Calculate the greatest common divisor of 975 and 338715.
195
Calculate the greatest common factor of 9063 and 24795.
171
What is the greatest common factor of 836 and 334172?
76
What is the highest common divisor of 45 and 115461?
9
Calculate the greatest common factor of 271 and 14993075.
271
Calculate the highest common divisor of 2279 and 58883.
53
What is the greatest common divisor of 784 and 2597?
49
What is the highest common divisor of 14 and 1188292?
14
What is the highest common divisor of 41060 and 20?
20
What is the greatest common factor of 80 and 1289584?
16
What is the greatest common factor of 271508 and 1236?
412
What is the highest common factor of 1360 and 1309?
17
Calculate the greatest common factor of 48117 and 45021.
129
Calculate the greatest common factor of 153988 and 822.
274
What is the highest common divisor of 600 and 2003640?
120
Calculate the highest common divisor of 88 and 78328.
8
Calculate the highest common factor of 28130 and 2030.
290
Calculate the highest common factor of 1261 and 20176.
1261
Calculate the highest common factor of 197868 and 48.
12
What is the greatest common factor of 15190 and 1505?
35
What is the highest common factor of 1198735 and 235?
235
What is the highest common factor of 506102 and 1534?
118
What is the greatest common divisor of 3819 and 18696?
57
Calculate the highest common divisor of 1621160 and 40.
40
Calculate the highest common factor of 2880 and 8.
8
Calculate the greatest common divisor of 1624 and 9464.
56
What is the highest common divisor of 120890 and 4?
2
What is the greatest common divisor of 23966 and 92?
46
What is the greatest common factor of 2182 and 607687?
1091
Calculate the greatest common factor of 152 and 823175.
19
Calculate the highest common factor of 911676 and 492.
492
What is the highest common divisor of 28 and 21678?
2
Calculate the highest common divisor of 210 and 1051890.
210
Calculate the greatest common divisor of 82 and 74046.
82
Calculate the greatest common factor of 2100 and 190050.
1050
Calculate the highest common factor of 89575 and 50.
25
What is the highest common factor of 119529 and 133?
19
Calculate the highest common factor of 416 and 160056.
104
Calculate the highest common divisor of 20711 and 417.
139
What is the highest common factor of 24706 and 88?
22
Calculate the highest common factor of 1376047 and 718.
359
Calculate the greatest common factor of 726 and 2177516.
242
Calculate the greatest common divisor of 736560 and 132.
132
What is the greatest common factor of 17712 and 18576?
432
Calculate the greatest common factor of 15317 and 371.
53
Calculate the greatest common divisor of 88 and 100155.
11
What is the greatest common factor of 595266 and 154?
14
Calculate the greatest common divisor of 25214 and 70.
14
What is the greatest common factor of 1927770 and 130?
130
What is the highest common factor of 2527 and 58843?
361
Calculate the highest common factor of 365 and 531.
1
Calculate the highest common factor of 1488 and 1992.
24
What is the highest common divisor of 288 and 3788016?
48
What is the highest common divisor of 19072 and 256?
128
Calculate the greatest common divisor of 131228 and 31569.
619
What is the greatest common divisor of 48 and 25287?
3
Calculate the greatest common factor of 696 and 17574.
174
What is the greatest common divisor of 9054 and 10?
2
Calculate the highest common divisor of 10800 and 2052.
108
Calculate the highest common factor of 112 and 721.
7
What is the greatest common factor of 99316 and 364?
28
What is the greatest common factor of 82703 and 2101?
191
What is the highest common factor of 11151 and 354?
177
Calculate the greatest common factor of 9586 and 4.
2
Calculate the highest common factor of 2091 and 10047.
51
Calculate the greatest common divisor of 1685717 and 22.
11
What is the greatest common divisor of 514 and 512458?
514
What is the highest common factor of 1801314 and 114?
114
Calculate the greatest common divisor of 98 and 207221.
49
What is the highest common factor of 165 and 30390?
15
Calculate the highest common divisor of 475 and 88255.
95
What is the greatest common divisor of 893250 and 72?
18
What is the greatest common factor of 1668 and 224763?
417
What is the greatest common factor of 1625 and 5557500?
1625
Calculate the greatest common factor of 150 and 1596300.
150
Calculate the highest common divisor of 2723 and 2786.
7
What is the greatest common factor of 128294 and 3634?
46
Calculate the greatest common divisor of 5454 and 486.
54
What is the greatest common factor of 773 and 5411?
773
Calculate the greatest common factor of 56 and 686.
14
What is the highest common factor of 579292 and 289?
17
What is the highest common factor of 62244 and 36556?
988
What is the greatest common divisor of 6111 and 32067?
63
Calculate the highest common divisor of 618 and 764466.
618
Calculate the highest common factor of 145268 and 1840.
92
Calculate the greatest common divisor of 396 and 5202.
18
Calculate the greatest common divisor of 342 and 13568166.
342
What is the greatest common divisor of 189 and 448038?
27
Calculate the highest common divisor of 2358894 and 6.
6
What is the highest common divisor of 540 and 1230525?
135
Calculate the greatest common divisor of 83228 and 124.
4
Calculate the greatest common divisor of 4 and 2932.
4
What is the highest common divisor of 21 and 52122?
21
What is the highest common divisor of 7215663 and 182?
91
What is the greatest common factor of 3008 and 45214?
94
Calculate the highest common factor of 144 and 56604.
12
Calculate the greatest common factor of 3652 and 7832.
44
Calculate the highest common divisor of 72 and 6183252.
36
Calculate the highest common factor of 53728 and 784.
16
What is the highest common divisor of 20 and 164908?
4
Calculate the greatest common factor of 2248 and 32.
8
What is the highest common divisor of 27048 and 5488?
392
What is the highest common factor of 3300 and 1163800?
1100
What is the greatest common divisor of 13507 and 2977?
13
What is the highest common divisor of 4 and 18180?
4
Calculate the highest common factor of 4637813 and 59.
59
What is the highest common factor of 300 and 684?
12
Calculate the greatest common divisor of 2146145 and 1.
1
Calculate the greatest common divisor of 480 and 15690.
30
Calculate the greatest common factor of 12 and 7070616.
12
Calculate the highest common divisor of 670866 and 54.
6
Calculate the greatest common factor of 86592 and 1107.
123
Calculate the greatest common divisor of 1546266 and 6.
6
Calculate the greatest common divisor of 374 and 8126.
34
What is the highest common factor of 2356 and 123380?
124
Calculate the greatest common factor of 195 and 9570.
15
Calculate the highest common factor of 2191329 and 441.
441
What is the highest common factor of 292 and 378724?
292
What is the highest common factor of 2871 and 165474?
261
Calculate the greatest common factor of 365 and 86140.
365
What is the highest common divisor of 1848 and 1035496?
616
Calculate the highest common divisor of 34 and 1427728.
34
What is the highest common divisor of 490 and 35602?
14
What is the greatest common factor of 6 and 24936?
6
What is the highest common divisor of 103 and 17201?
103
Calculate the greatest common factor of 3248 and 224.
112
Calculate the greatest common factor of 10573779 and 153.
51
What is the greatest common factor of 165288 and 291?
291
Calculate the highest common factor of 4087 and 2867.
61
What is the greatest common divisor of 151521 and 51?
51
What is the highest common divisor of 565810 and 295?
295
Calculate the greatest common factor of 1475 and 13747.
59
What is the highest common factor of 2331 and 81289?
37
What is the greatest common divisor of 93 and 132711?
93
What is the highest common divisor of 1272 and 15423?
159
Calculate the greatest common divisor of 14150 and 3650.
50
Calculate the great